-3920901
What is 23003301231 (base 4) in base 14?
556713
-4341610 (base 8) to base 4
-10130032020
Convert -10205616 (base 8) to base 2.
-1000010000101110001110
Convert 423506 (base 11) to base 2.
10100101100011001010
-12321110323 (base 4) to base 16
-1b953b
Convert -3505b (base 13) to base 7.
-552024
-12010122011 (base 3) to base 11
-69a28
Convert 33412316 (base 8) to base 4.
123201103032
What is -4e4838 (base 16) in base 6?
-301543212
-3131323 (base 5) to base 6
-1041052
Convert 322421 (base 7) to base 10.
56120
-395c (base 15) to base 11
-9215
Convert 3a695 (base 12) to base 10.
80465
Convert -1314254 (base 7) to base 4.
-221333030
-10157b (base 12) to base 16
-3d5ef
Convert -12400588 (base 9) to base 13.
-134c741
Convert 1358147 (base 10) to base 14.
274d47
-22130303233 (base 4) to base 10
-2739439
-10332021213 (base 4) to base 16
-13e267
Convert 919361 (base 11) to base 10.
1476509
1526106 (base 10) to base 16
17495a
Convert -213003 (base 10) to base 14.
-578a7
What is 122114031 (base 5) in base 6?
20252131
665647 (base 9) to base 11
251998
What is 143305020 (base 6) in base 12?
bab170
What is -222001322212 (base 4) in base 15?
-e79864
Convert db33b (base 15) to base 8.
2517255
243414023 (base 5) to base 10
1154263
What is -4414021 (base 5) in base 6?
-1344252
Convert 1021220201220022 (base 3) to base 7.
313502546
Convert -1935f (base 16) to base 15.
-208e3
What is 40623006 (base 7) in base 3?
20101210002110
Convert -15266 (base 14) to base 4.
-30312022
1022106 (base 7) to base 5
12420232
-100010100102 (base 3) to base 9
-303312
-69449 (base 11) to base 4
-120200022
Convert 20ab1a (base 12) to base 11.
323101
177a70 (base 13) to base 4
2033221130
What is 6ba8ab (base 12) in base 8?
6505603
Convert 100010111101011110010 (base 2) to base 8.
4275362
-145a51 (base 13) to base 10
-498278
What is 1672558 (base 11) in base 5?
1211444214
3656540 (base 7) to base 2
1110010010010011101
189784 (base 10) to base 13
684ca
-162150023 (base 7) to base 13
-2371346
5015b (base 16) to base 3
121122222011
What is 4a79666 (base 11) in base 12?
2b4b66a
Convert -a739 (base 11) to base 10.
-14199
Convert 1751368 (base 10) to base 7.
20613013
Convert -1111100100000111 (base 2) to base 3.
-10020110011
What is 101cb4 (base 13) in base 11?
237274
Convert -2dac5c (base 14) to base 10.
-1604930
Convert -179540 (base 13) to base 14.
-1159bc
What is 88202 (base 9) in base 6?
1130432
Convert 30143434 (base 5) to base 2.
111010101101101110
What is 2211030120 (base 4) in base 15?
d573c
-add94 (base 14) to base 16
-6726e
Convert 13104321 (base 5) to base 16.
1f6c7
Convert -1010011021111012 (base 3) to base 2.
-111101001000111100011101
What is -205313220 (base 6) in base 14?
-6a2672
What is -255401411 (base 6) in base 13?
-106b7a8
-451116 (base 7) to base 11
-54919
Convert 5a909 (base 14) to base 2.
110110000001101101
What is 35a96 (base 15) in base 6?
3400153
Convert -491b72 (base 16) to base 13.
-cb9a04
What is 64322 (base 13) in base 14?
49bc5
What is 1021303002032 (base 4) in base 7?
323302010
What is 20993 (base 10) in base 14?
7917
Convert 8a1055 (base 11) to base 6.
50441041
What is -111342301 (base 5) in base 16?
-793c0
Convert 44256 (base 8) to base 10.
18606
What is -15e5de (base 16) in base 6?
-50431554
Convert -245446 (base 9) to base 8.
-441601
10111011100000101000 (base 2) to base 5
144034130
What is 10001100001011001110 (base 2) in base 5?
121333113
10203220131 (base 4) to base 14
231473
-238746 (base 9) to base 15
-2caec
-14426125 (base 9) to base 11
-4052350
173465 (base 9) to base 16
1a41a
Convert -256024 (base 8) to base 10.
-89108
What is 30857318 (base 9) in base 2?
111000101011110011001011
What is 13041422 (base 7) in base 9?
2207688
What is -65247 (base 8) in base 14?
-9d43
157525 (base 8) to base 12
29105
-5193f8 (base 16) to base 12
-1959b08
What is 3123210 (base 4) in base 7?
55653
Convert -130424 (base 7) to base 5.
-1233344
Convert 3023055 (base 6) to base 4.
202332023
Convert -101011110011100001100 (base 2) to base 5.
-331413104
127bc45 (base 13) to base 3
101220110000220
Convert -4255117 (base 8) to base 12.
-46a153
c2a31 (base 15) to base 9
1138661
Convert 68288 (base 11) to base 3.
12000120110
644311 (base 8) to base 3
101221020220
31101222132 (base 4) to base 5
1342331342
Convert 2211133320 (base 4) to base 15.
d5cc0
What is -262a919 (base 12) in base 5?
-3411300104
What is 1837978 (base 10) in base 14?
35bb62
20120221022210 (base 3) to base 8
15270421
Convert -db2209 (base 16) to base 3.
-1000000121201111
-20210200012 (base 3) to base 2
-100000101100001010
What is 2331221113 (base 5) in base 6?
310210411
What is 110000001111011110 (base 2) in base 3?
101001001110
12211122202002 (base 3) to base 10
3103166
Convert 1033244303 (base 5) to base 9.
4188703
Convert -5146023 (base 7) to base 16.
-9691b
Convert 241032030 (base 5) to base 3.
2002110201020
-54d77 (base 15) to base 10
-269662
Convert 210122201110 (base 3) to base 8.
1500425
-20001002101 (base 3) to base 4
-131001223
Convert -211312234 (base 5) to base 15.
-1274b4
-122c52 (base 15) to base 7
-10252613
32724 (base 8) to base 12
7b84
What is 1010001000111101000111 (base 2) in base 5?
1140024434
-2253073 (base 10) to base 12
-907a41
503202 (base 6) to base 3
2000022202
656311 (base 9) to base 3
201220100101
Convert -10100336 (base 9) to base 10.
-4842294
100210021022 (base 3) to base 14
502cd
What is -846476 (base 10) in base 16?
-cea8c
What is 100010010011101001000 (base 2) in base 15?
173148
Convert -4bbd82 (base 15) to base 16.
-377573
What is 274393 (base 12) in base 14?
12cd9d
3075008 (base 10) to base 15
40b1a8
21967 (base 13) to base 2
1110110111111101
What is 1661063 (base 8) in base 14?
c84b9
What is 1022221000202 (base 3) in base 12?
2a1292
What is -221363 (base 7) in base 12?
-1a65b
31b1b5 (base 14) to base 3
10011110212010
What is -1002023 (base 7) in base 2?
-11100111001010000
-24308 (base 13) to base 9
-111105
What is 6213a (base 11) in base 9?
147336
Convert 1a644a8 (base 11) to base 6.
202255511
What is 131414104 (base 5) in base 11?
40762a
11333012 (base 5) to base 10
105382
What is -caa7a7 (base 13) in base 4?
-102023030000
147aba (base 15) to base 7
11253151
-623a08 (base 11) to base 5
-224011144
What is -378a0 (base 12) in base 5?
-4404301
Convert 119782 (base 10) to base 7.
1006135
-1464606 (base 7) to base 4
-301003323
What is -8732867 (base 9) in base 14?
-89ddbb
What is -43745 (base 15) in base 3?
-101212220202
What is -54525312 (base 8) in base 7?
-201345256
Convert 15166a (base 15) to base 8.
3702755
Convert -11220222211 (base 3) to base 9.
-156884
-2121211210 (base 4) to base 5
-130112332
Convert -221212111200 (base 3) to base 15.
-a0d26
Convert -4b256 (base 15) to base 5.
-30141111
Convert -4211531 (base 7) to base 15.
-a044b
Convert 19adb2 (base 15) to base 5.
310024332
221300023 (base 4) to base 15
35a14
What is -322121023 (base 5) in base 2?
-101001100111110110000
Convert -32541110 (base 6) to base 13.
-282b8b
What is 101021212102 (base 3) in base 13?
7127c
What is 925281 (base 12) in base 15?
3037aa
What is 42334412 (base 5) in base 6?
11342155
Convert -962743 (base 12) to base 11.
-1378479
Convert 525 (base 15) to base 3.
1120222
Convert 2abe8a (base 16) to base 10.
2801290
1132572 (base 11) to base 15
291971
Convert 123340142 (base 5) to base 3.
1010202211022
What is 21012122010000 (base 3) in base 8?
16472300
374853 (base 9) to base 12
ab226
-34565305 (base 7) to base 16
-2e68fd
Convert -255823 (base 10) to base 14.
-69331
Convert -100002233303 (base 4) to base 9.
-7818838
Convert -922a75 (base 11) to base 15.
-1e44b5
Convert 1114340 (base 8) to base 11.
1963a1
Convert -93146 (base 10) to base 15.
-1c8eb
Convert 2031347 (base 8) to base 4.
2003023213
Convert -2000310 (base 4) to base 12.
-4930
-c946 (base 13) to base 7
-144316
What is 152312105 (base 7) in base 5?
10100441001
What is -120130 (base 5) in base 16?
-113f
23c5a (base 13) to base 3
10100021122
131676 (base 11) to base 10
207114
Convert -331077 (base 11) to base 9.
-884852
Convert 4104333 (base 5) to base 4.
100022222
What is 10a59 (base 12) in base 14?
816d
-43551542 (base 6) to base 16
-13eb96
-1276f1 (base 16) to base 12
-4a4355
What is -10011110011010101 (base 2) in base 15?
-19074
Con